the prime factors of a(f).
19
Let u(s) = s**2 - 5*s + 6. Suppose -c + 4*f = 0, -5*c + 0*c = 2*f - 22. What are the prime factors of u(c)?
2
List the prime factors of 2 + 13 - 4/((-8)/4).
17
Let g(a) = a**2 - 1. Let u be g(2). Let x = u - -4. What are the prime factors of x?
7
Let o be ((-4)/10)/((-1)/(-1410)). List the prime factors of (-6)/(-10) + o/(-60).
2, 5
Let v(m) = m**3 + 2*m**2 - 2*m - 1. Suppose -3*l + 2 + 1 = 3*y, -2*y + 3*l = 13. Let o be v(y). Suppose -8*z + o*z + 10 = 0. What are the prime factors of z?
2
List the prime factors of 4*7/(-112) + (-481)/(-4).
2, 3, 5
Let p be (-3)/(-5) - 72/(-30). Suppose -2*c - 8 + 2 = -2*q, 0 = p*q + 4*c - 9. Let h(w) = w + 1. List the prime factors of h(q).
2
What are the prime factors of (-194)/(-2) - (0 - -3)?
2, 47
Suppose i = s - 233 + 65, 5*s - 848 = i. List the prime factors of s.
2, 5, 17
Let d(o) = o**2 + 5*o + 5. Let n be d(-5). Suppose 6 = 2*y - 0. Let p = y + n. What are the prime factors of p?
2
Suppose -7*b + 345 = -68. What are the prime factors of b?
59
What are the prime factors of 615/27 - (-2)/9?
23
Let k(o) = 9*o**2 + 2*o - 2. Let r be k(4). Suppose r = 3*p + 2*p. List the prime factors of p.
2, 3, 5
Suppose 3*b + b = -144. Let x = 64 + b. What are the prime factors of x?
2, 7
Suppose -3*y = 5*l - 38 - 14, 4*y - 61 = -5*l. Let p = y + -6. What are the prime factors of -9*(-12)/9 + p?
3, 5
Suppose 49*r - 44*r = 1410. What are the prime factors of r?
2, 3, 47
Let n(f) = f**2 - f - 2. Let g be n(3). Suppose -3*j + 28 = -g*k, k + 8 = -k. List the prime factors of j.
2
Let x = -11 - -16. Suppose x*j - 315 = -115. List the prime factors of j.
2, 5
List the prime factors of (3 - 3) + (109 - 0).
109
Let p = 3 - 3. Suppose -2*u - 4 = -p*u. What are the prime factors of 0/(-2) + u - -4?
2
Let w(p) = 4*p - 1. Let r be w(1). Suppose 4*k + 3*l + 8 = 106, 0 = -r*k - l + 71. List the prime factors of k.
23
Let r be 2/10 + (-268)/(-10). Let k(d) = -d**2 - d + 11. Let b be k(5). Let u = b + r. What are the prime factors of u?
2
Let l(i) be the first derivative of -7/3*i**3 + 2*i - 1/4*i**4 - 7/2*i**2 - 2. What are the prime factors of l(-6)?
2
Let u(l) = -l**2 - 12*l - 12. List the prime factors of u(-8).
2, 5
Let n = 45 + -22. Suppose 0 = l - v - n, 3*l + 5*v = -0 + 53. Suppose 2*q = 4*w + 24, 2*w - l = -2*q + 3*w. What are the prime factors of q?
2, 5
Let p(f) = f**3 - 2*f**2 - f - 2. Let v be 8/(-20) - 52/(-5). Suppose 2*q = -9*n + 4*n + 31, 5*q - v = n. What are the prime factors of p(q)?
2
Suppose 3*f - 11 + 32 = 0. Let o = 12 + f. Let d(v) = -v**3 + 6*v**2 - 5*v + 2. What are the prime factors of d(o)?
2
Let k(a) = a**2 - 3*a - 5. Let o be k(9). Suppose -3*x + 11 = -o. List the prime factors of x.
2, 5
What are the prime factors of 7*((-92)/(-28) - 3)?
2
Let m(a) = 2*a**2 + 23*a - 22. List the prime factors of m(-16).
2, 61
Let i be 64/(1/(-1 - -2)). Suppose -3*a = -2*n - 26 + i, 0 = n - 5*a - 33. What are the prime factors of n?
13
Suppose -5 - 15 = 5*a, -3*o + 85 = 5*a. Suppose l = -5*j + 2*j + 27, -o = -5*l + 5*j. List the prime factors of l.
2, 3
Let o be (1 + 65)/((-3)/(-4)). Let j = o + -57. List the prime factors of j.
31
Suppose -2*k + 29 = 11. Let q = k + 18. List the prime factors of q.
3
Suppose 2*u = 6*u - 276. List the prime factors of u.
3, 23
Let u(w) = 7*w + 1. Let c be u(-1). Let m(z) = -z**3 - 6*z**2 - 5*z - 1. Let v be m(-5). List the prime factors of v + (-3)/(c/26).
2, 3
Suppose 0 = 5*i + 2*c + 5, c = 4*i + 3*c + 2. Let a(m) = -3*m - 7. Let h(g) = -g + 1. Let s(l) = a(l) + 3*h(l). List the prime factors of s(i).
2, 7
Let o(x) = -12*x + 9. List the prime factors of o(-8).
3, 5, 7
Suppose 0 = -4*i - 16, 4*p - 3 = -2*i + 1. Suppose 2*t - p - 1 = 0. Suppose -t - 6 = -y. What are the prime factors of y?
2
Let t be 4/(3 + 57/(-21)). List the prime factors of t + (-2)/(3 + -2).
2, 3
Let u = 61 + -43. Suppose u = -5*y - 107. What are the prime factors of ((-2)/5)/(5/y)?
2
Let m be (0 - -10) + -4 + 4. Let o be ((-15)/(-6) - 4)*-2. Suppose -k - k = m, -31 = -4*w + o*k. List the prime factors of w.
2
Let j = -1 - -1. Suppose 3*c + 2*h = 3*h + 46, 5*c - 5*h - 80 = j. List the prime factors of c.
3, 5
Let w(p) = p**3 + 6*p**2 - 7*p + 4. Let k be w(-7). Let u be 28/6 + 1/3. List the prime factors of (-10)/k*(-18)/u.
3
Let q = -284 + 605. List the prime factors of q.
3, 107
What are the prime factors of -1*(-5)/((-5)/(-6))?
2, 3
List the prime factors of (0 - -1)/(1 + 324/(-328)).
2, 41
Let z(y) = -y**3 - y**2 - y - 4. Let i be -1*(2 + (-3)/(-3)). What are the prime factors of z(i)?
17
Let q(w) be the first derivative of -w**4/4 + 2*w**3/3 + 3*w**2/2 + w - 3. Let n be q(-2). Suppose a - 2*a = -n. List the prime factors of a.
11
Suppose -4*p + 157 - 45 = 0. List the prime factors of p.
2, 7
What are the prime factors of (10 - 7) + 58/2?
2
Let z = -21 - -23. What are the prime factors of z?
2
Suppose 15 = u - 3*u - 5*q, -4*q = 3*u + 5. Suppose u*m = 146 + 79. List the prime factors of m.
3, 5
What are the prime factors of (-492)/(-10) - 3/15?
7
What are the prime factors of (-63)/(-2) - 1/(-2)?
2
Suppose 0*n - 129 = -4*n + s, 2*s + 41 = n. What are the prime factors of n?
31
Suppose -2*n + 4*n + 2*j = -14, -5*j = 3*n + 31. Let x be n*(1 - 30/(-4)). Let b = -12 - x. List the prime factors of b.
5
Let r(b) = b**3 - 2*b**2 + 1. Let x be r(1). Suppose -v + 5 = -x. Let q = 13 - v. What are the prime factors of q?
2
Suppose -4*k - 5*s + 1225 = 0, -6*k - 2*s = -k - 1527. What are the prime factors of k?
5, 61
List the prime factors of (62 + -6)/(-3 - -5).
2, 7
Let o = -1 - -6. What are the prime factors of o?
5
Let z = 14 - 9. Suppose 0 = -4*p + z*p - 34. What are the prime factors of p?
2, 17
Let a(d) = d**3 - 3*d**2 - 4*d + 3. What are the prime factors of a(5)?
3, 11
Suppose 5*h + 10*x - 465 = 5*x, -h + 89 = -x. List the prime factors of h.
7, 13
Let v be 2 + -2 - 0 - -2. Suppose -v*m = 2*m - 8. List the prime factors of m.
2
Let n be 1 - (107 + (6 - 2)). List the prime factors of -2 + 3/((-6)/n).
53
Suppose -f + 5*h = 3*f - 21, -4*h = 20. Let s be f - (-2 + 0/3). List the prime factors of (-216)/(-32) - s/(-4).
7
Let l(z) = -3*z + 1. Let k be l(-2). Suppose -3*y + 5 = -k. List the prime factors of y/(2*(-3)/(-9)).
2, 3
Let l(x) = -x**2 + 11*x + 8. Let n be l(9). Suppose n + 2 = -4*j. Let t = j - -15. List the prime factors of t.
2
Let i = -52 + 97. Suppose -5*r + 55 = -i. Suppose -r + 52 = 4*g. What are the prime factors of g?
2
Let g(c) = -c**3 + 5*c**2 - c + 5. Let z be g(5). Suppose 2 = -j - z. Let v = j + 6. List the prime factors of v.
2
Let s(r) = r**2 + 6*r + 4. Let m be s(-6). Let o(i) = -i + 6. Let p be o(m). List the prime factors of 10/p*(4 + -2).
2, 5
Let c(u) = -u**2 + 9*u - 4. Let t be c(11). Suppose -3*d = 20 + 31. Let q = d - t. List the prime factors of q.
3
Let b = -197 - -600. List the prime factors of b.
13, 31
Let b be (-4)/10 + (-366)/(-15). Suppose -3*h + b = -o, 6*h = h - 2*o + 51. List the prime factors of h.
3
Suppose -3*w - 2*w = -310. Suppose 3*j + 20 = w. Let h = 23 - j. List the prime factors of h.
3
Suppose 0 = 4*m + 20 + 16. Let n = m - -18. List the prime factors of n.
3
Suppose 0 = 6*a - 2*a - 124. What are the prime factors of a?
31
Let b = -8 - 0. Let w be (-4)/b*1*4. What are the prime factors of (-4)/8*-2*w?
2
Let w(f) = -f**3 - 10*f**2 - 9*f + 2. Let k be w(-9). Let d = 4 - k. Suppose -5*q + 4*b + 92 = -0*q, 4*q - d*b = 70. What are the prime factors of q?
2
Suppose -2*a + 2*i + 44 = 0, 0*a + a - 4*i = 31. Suppose -1 - a = -4*g. Suppose g*p = 20, 3*p = -5*v + 36 + 81. What are the prime factors of v?
3, 7
Let l be (-6 - -3) + -2 + 5. Suppose -3*g - 2*v + 136 = l, 0 = v + 5 - 1. List the prime factors of g.
2, 3
List the prime factors of -10*1/2*-1.
5
Let n(a) = -a**3 + 8*a**2 + 12*a + 6. What are the prime factors of n(9)?
3, 11
Suppose j - 53 = -0*j. List the prime factors of j.
53
Let o(k) = 58*k**2 + k - 5. List the prime factors of o(2).
229
Suppose 7*s + 40 = 2*s + 2*k, 2*s + k = -25. Let u(t) = -t + 2 + 2 - 2 - 1. List the prime factors of u(s).
11
Suppose -a - 414 = -3*r, -3*r + 2*a + 414 = -0*a. List the prime factors of r.
2, 3, 23
Suppose -g - 99 = -5*a, -3*a - 19 + 72 = g. List the prime factors of a.
19
Suppose 5*f + 2*x - 34 = 102,